. Let d = -1 - n. Determine u(d).
-6
Let a(d) = d**3 - 6*d**2 + 3*d. Let w be a(5). Let k be w*((-28)/(-8) + -3). Let o(i) = -4 + 3 + i + 2. Calculate o(k).
-4
Let p(d) = 7*d**3 + 14*d**2 - 16*d + 5. Let a(b) = 11*b**3 + 21*b**2 - 24*b + 8. Let i(x) = 5*a(x) - 8*p(x). Calculate i(-8).
0
Let g(w) = -w + 6. Let k be g(5). Let t(c) = -8*c + 2 + c - 5 + 4. Give t(k).
-6
Let u(r) = r**3 + 6*r**2 + 5*r - 1. Suppose 0 = 3*h - 0*h - 9. Let s be -5 + 3/h + -1. Calculate u(s).
-1
Let m = -13 + 15. Let d(x) = -2*x**3 + x**2 - 2*x + 2. Determine d(m).
-14
Let n = 1 - 0. Suppose -2*r = -4*i + 26, -n = r + 4. Let z(v) = 6 - 4*v**2 - i*v + 5*v**2 + 0*v**2. Determine z(4).
6
Let c = 70 + -68. Let y(p) be the third derivative of -2*p**c + 1/8*p**4 + 0*p + 0 + 1/3*p**3 - 1/12*p**5 + 1/120*p**6. Calculate y(3).
-7
Let k(q) = 2*q + 9. Let a(n) = -n - 5. Let o(x) = 5*a(x) + 3*k(x). Calculate o(5).
7
Let l(c) = 12*c**3 - 11*c**3 + 0 - 6*c**2 + 18*c - 5 - 11*c. Give l(5).
5
Let m(o) = -o**3 - 4*o**2 + o + 5. Suppose -4*t + 11 = -1, -9 = 3*w - t. Let p = -2 + w. Give m(p).
1
Suppose -4*x - l = l - 6, 4*x - 2*l = 2. Let y(d) = d**3 - 4*d**2 + 2*d + 3. Let i be y(3). Let h(u) = 1 - u + u**2 + 3*u**3 + 0 + i. Calculate h(x).
4
Let x(f) be the second derivative of -f**5/20 + f**4/12 - 7*f**2/2 + 8*f. Give x(0).
-7
Let d(t) = -t - 11. Let n(x) = -x**3 + 4*x**2 + 4*x. Let c be n(5). Let b be d(c). Let m(u) = -6*u + 0*u**2 + 2 - 4 + 3 - u**2. Give m(b).
1
Suppose -3*q + 13 = -17. Suppose -5 = q*x - 5*x. Let i(k) = k. What is i(x)?
-1
Let n(k) = k - 2. Let x be n(5). Let z(j) = -x - 2 + j + 4. Suppose 0 = -5*w - 1 - 19. Calculate z(w).
-5
Let s(z) = 2*z**3 + 2*z + 1. Suppose 5 = -2*b + 3*b. Suppose -9*m + b*m = 4. What is s(m)?
-3
Let f(y) = 3*y**2 - y. Suppose -16 = -4*m - 0. Suppose 4*r + 21 = 5*s, -m*r = -0 + 16. What is f(s)?
2
Let s(o) = -o**2 + 7*o - 1. Let z(v) = -6*v**3 - 5*v**2 - 5*v - 4. Let k be z(-3). Let j be 6/(-15) + k/20. Give s(j).
5
Let f be 2 + 1 + -2 + 6. Suppose 2*x + 5*a = 2*a + 21, -4*x + a = -f. Let v(i) = i**3 - 4*i**2 + i - 2. What is v(x)?
-8
Let s(h) = h + 2. Let j(y) = -11*y - 4. Let r(p) = j(p) + 3*s(p). Calculate r(3).
-22
Let j = 2 + 4. Let d(q) = -3*q**3 + 21*q**2 - 29*q + 25. Let y(z) = z**3 - 7*z**2 + 10*z - 9. Let h(t) = 6*d(t) + 17*y(t). Calculate h(j).
9
Let v(d) be the third derivative of d**5/15 - d**4/24 - d**2. Let x be (-1)/3 + (-28)/6. Let k = x - -4. Determine v(k).
5
Let v = -6 - -9. Let h(j) = -5*j - v*j**2 + 2*j**2 - 6 + 8. What is h(-6)?
-4
Let v(f) = -3*f + 25. Let j be v(10). Let h(b) = 2*b + 2. Determine h(j).
-8
Suppose 4*t - 1 = -3*c, -2*t = -c + t + 9. Let l(s) = s**2 + s**3 + 2*s**c - 2*s**3. Suppose -3*y + 6 = 0, -2*b + 3*y + 0*y = 4. What is l(b)?
2
Let h(g) = g**2 - 12*g + 14. Let w be h(11). Let n = 1 - -3. Let z(u) = 1 + n*u**2 - u**3 - 3 + 6 - u. Give z(w).
10
Let u be (-4)/(-6)*-3 - -3. Let s(f) = u - 4 - f - 5. Determine s(0).
-8
Let l(z) be the first derivative of -1/24*z**4 + 0*z + 1 + z**2 + 5/6*z**3. Let u(c) be the second derivative of l(c). What is u(0)?
5
Suppose -3*t + 18 + 24 = 0. Let o be 4/14 - 60/t. Let n be -10*-2*(-1)/o. Let r(g) = g**2 - 5*g. Determine r(n).
0
Let j(s) = s**3 - s**2 - 2. Suppose 0 = 3*r - 6. Determine j(r).
2
Let t(w) be the first derivative of -3*w**2/2 - w - 26. Give t(-2).
5
Let m(r) = -r**2 + 5*r + 2. Suppose 17 + 10 = 3*c. Let o be 57/9 - 3/c. What is m(o)?
-4
Suppose a + 0*q - 18 = -4*q, -4*q = 2*a - 20. Let b(h) = -h + 3. Let u(f) = f. Let n(d) = b(d) - 2*u(d). Calculate n(a).
-3
Let t(l) be the second derivative of -l**3/6 - 4*l**2 - 2*l. Suppose 2*s = 13 - 25. Give t(s).
-2
Let c(l) = 3*l**2 - 1. Let h be (-1 + 19)*3/9. Let t(p) = 2*p - 9. Let d be t(h). Let u be (-12)/(-9) + 2/d. Calculate c(u).
11
Let q(s) = -s + 4. Suppose 0 = 2*y + w + w, -40 = 4*y - 4*w. Calculate q(y).
9
Let r = 44 + -36. Let u(v) = -v**3 + 9*v**2 - 9*v + 10. Calculate u(r).
2
Let b(l) = 8*l**2 - 6*l**2 - 3*l**2 + 2. Calculate b(0).
2
Let f = -28 - -31. Let j(l) = -3*l + 2. Give j(f).
-7
Let v(k) = -2*k + 6. Suppose -4*w = 1 - 25. Let y(c) = -c**2 + 7*c - 2. Let a be y(w). Calculate v(a).
-2
Let r(h) = -h + 5. Let v(d) = d**3 + 14*d**2 + 15*d + 26. Let t be v(-13). Calculate r(t).
5
Let b(s) = -5 - 3 + 0 + 9 - 10*s. Calculate b(-1).
11
Let a be (-2)/3 + (-40)/(-15). Suppose -2*x = -3*r - 15, 5*x - a*r - 59 = -16. Let t = x + -15. Let y(m) = -m + 1. What is y(t)?
7
Let o(x) = -x**2 - 3*x + 6. Suppose 0 = 2*k + 9 + 9. Let s(a) = 4*a**2 + 11*a - 24. Let r(f) = k*o(f) - 2*s(f). What is r(-6)?
0
Let w(j) = j - 4. Let k(o) = 3*o - 9. Let r(s) = 2*k(s) - 5*w(s). Give r(4).
6
Let a(b) be the third derivative of -b**6/120 - b**5/15 + b**4/6 - b**3 - 2*b**2. Determine a(-5).
-1
Let w(a) be the first derivative of -a**4/4 + a**3/3 - a**2 + 3*a + 18. Give w(2).
-5
Suppose k = -0*k - 6. Let p be (-3)/(k/4) - 0. Let o(s) = -1 - p*s + s + 2*s**3 - 2*s**2 + 3*s**2. Determine o(-1).
-1
Let v(c) = -7 - 3*c + 10 + 4*c. Determine v(-9).
-6
Let n = -135 - -129. Let y(c) = c**3 + 5*c**2 - 6*c + 4. Calculate y(n).
4
Let j(i) be the third derivative of -i**7/2520 - i**6/360 + i**5/40 + i**4/24 - 4*i**2. Let z(h) be the second derivative of j(h). Calculate z(-4).
-5
Let y be 0 - 1 - (-16)/2. Let w(x) = -4 + y*x + 2*x**3 - 3 - x**3 - 6*x**2. Suppose 2*v + 10 = 4*v. Determine w(v).
3
Let h(t) = -t + 2. Suppose 5*p - 4 = -j + 3, -4*p + 12 = 4*j. Suppose -s - 6 = -3*c, 3*c + s + j = 14. Suppose 0 = 3*a - c, -2*w + 7 = -2*a - 1. Calculate h(w).
-3
Let d = 54 - 59. Let k(r) = r**3 + 6*r**2 + 6*r - 4. What is k(d)?
-9
Let h(f) = -9*f + 3 + 3*f**2 + 6*f + 3*f**2 - 5*f**2. What is h(3)?
3
Let b(h) = -h**2 + 5*h + 4. Let x(v) = v**2 - 10*v - 7. Let p(m) = 5*b(m) + 3*x(m). Determine p(-4).
-13
Suppose -2*t - 7 = -6*t - 5*k, 5 = -5*k. Let u(m) = -t*m + 6 + m + m. What is u(3)?
3
Let g(b) = -b**3 + 11*b**2 - 5*b + 2. Let h(k) = k**2 - k - 1. Let p(t) = g(t) - 5*h(t). Determine p(6).
7
Let c be 5/(-3) + 2/3. Let v(f) = f**2 + 1 + 8*f - 7*f - 2*f**2 + 8*f**2. What is v(c)?
7
Let u(w) be the third derivative of w**5/60 - 3*w**4/8 - w**3/2 - 27*w**2. What is u(4)?
-23
Let d(r) = -57*r + 27*r + 28*r + 3. Determine d(3).
-3
Let h = 23 + -32. Let x(n) = n**2 + 8*n - 3. Calculate x(h).
6
Let k(s) be the third derivative of -s**4/8 + s**3/2 - s**2. Let h be (13 + -4)/((-6)/8). Let u be 20/8*h/(-10). Calculate k(u).
-6
Let o = -14 - -18. Let r(c) be the third derivative of 1/12*c**o + 2*c**2 + 0*c + 0 + 5/6*c**3. Give r(-4).
-3
Suppose -2*k + 36 = -4*w, 4*k + w - 6*w = 75. Let o = 24 - k. Let s(v) = v**3 - 4*v**2 + v - 3. Give s(o).
1
Suppose p - 3*s = -23, p - 8*s + 3 = -9*s. Let x(b) = -2*b + 1. Give x(p).
17
Let x(b) = b**2 - 2*b - 3. Suppose -s + 2 = -3*s. Let v be (1 - 0) + (s - -4). Determine x(v).
5
Let d(b) = -b**3 - 2*b**2 - b - 1. Suppose 2*n - 4*q - 17 = 5*n, 2*n + 4 = q. Give d(n).
11
Let p(t) = t**3 + 3*t**2 + 2*t. Suppose 5 = -5*c - 5*r, 5*r = 2*c + 6*r + 3. Determine p(c).
0
Let o(d) = -d**2 - 49*d + 27*d + 24*d - 2. Calculate o(3).
-5
Let o(d) = d**3 - 4*d**2 + 2*d - 8. Let t be o(4). Let p(v) = -1 + t - v**2 + 9. Let j(y) = -y + 1. Let r be j(1). What is p(r)?
8
Let g(i) = -5 - i**3 + 2*i + 4*i**2 + i - i. Let c be (2 - 0)*(20 + -18). Give g(c).
3
Let j = -21 - -27. Let i(s) be the third derivative of -s**6/120 + s**5/10 - s**3 - s**2. Determine i(j).
-6
Let g(p) = p**3 - 8*p**2 + 8*p - 4. Suppose 2*u = -1 + 19. Suppose 4*i - 19 - u = 0. Let w be g(i). Let q(h) = -2*h**2 + 5*h - 2. What is q(w)?
-5
Let p = 3 + -1. Let v(b) = -b - b**3 - 2*b**3 + 0*b + 4*b**2 + p*b**3. What is v(3)?
6
Let p(o) = o**3 - 2*o**2 + 2*o + 2. Suppose -x + 3*q - 4*q + 4 = 0, -14 = -4*x - 3*q. Determine p(x).
6
Let y = 9 - 6. Suppose z + 3*p - 14 = 5*p, 4*p = y*z - 32. Let d(x) = x + 3. Calculate d(z).
7
Let b(z) = -z**2 - 9*z - 10. Let x be (54/(-72))/((-2)/(-24)). Give b(x).
-10
Let w = 54 - 56. Let q(p) = p**3 - p**2 - 3*p - 1. Give q(w).
-7
Let x(s) = -s**3 - s**2 + 3*s - 4. Suppose t + 5*k + 16 - 3 = 0, 0 = -4*t + 4*k - 4. Give x(t).
5
Let v = -15 - -16. Let k(t) = 3*t - 3*t + v - t - 6. What is k(-7)?
2
Let r(k) = k + 1. Let y be (5/15)/((-1)/(-9)). Let w be (0/2)/y*-1. Give r(w).
1
Let j(v) = v**3 - 2*v**2 - 2*v. Let o = 0 + 3. Give j(o).
3
Le